000100 (base 2) in base 10?
68
Convert -2 (base 15) to base 3.
-2
110 (base 2) to base 16
6
-26 (base 8) to base 3
-211
What is -5 (base 6) in base 15?
-5
Convert -3 (base 10) to base 8.
-3
11 (base 3) to base 2
100
Convert 2 (base 7) to base 11.
2
What is 14 (base 11) in base 3?
120
Convert -16 (base 13) to base 16.
-13
10 (base 3) to base 4
3
Convert a (base 12) to base 2.
1010
What is -11 (base 8) in base 12?
-9
Convert 99 (base 12) to base 10.
117
What is 563 (base 7) in base 3?
101202
What is -33 (base 7) in base 16?
-18
2 (base 16) to base 12
2
Convert 46 (base 12) to base 10.
54
What is 33 (base 12) in base 10?
39
Convert -4 (base 11) to base 9.
-4
-26 (base 7) to base 6
-32
Convert 0 (base 15) to base 7.
0
What is -1 (base 6) in base 12?
-1
What is -10 (base 3) in base 7?
-3
Convert 353 (base 7) to base 2.
10111001
-340 (base 6) to base 8
-204
Convert 0 (base 6) to base 8.
0
Convert 0 (base 9) to base 4.
0
What is 12 (base 13) in base 8?
17
What is -1 (base 8) in base 16?
-1
-6 (base 14) to base 12
-6
What is -10021 (base 3) in base 14?
-64
Convert -2c (base 15) to base 4.
-222
Convert -18 (base 9) to base 15.
-12
Convert 4 (base 11) to base 9.
4
What is 61 (base 12) in base 10?
73
Convert -42 (base 9) to base 5.
-123
-32 (base 7) to base 8
-27
What is 39 (base 16) in base 2?
111001
12c (base 14) to base 7
455
Convert -12 (base 4) to base 10.
-6
What is 30 (base 10) in base 4?
132
Convert -302 (base 4) to base 2.
-110010
-5 (base 15) to base 2
-101
Convert 20 (base 8) to base 3.
121
Convert 244 (base 6) to base 13.
79
Convert 122 (base 3) to base 5.
32
Convert 180 (base 9) to base 16.
99
Convert -2 (base 16) to base 15.
-2
What is -8 (base 9) in base 10?
-8
12 (base 9) to base 2
1011
11011 (base 2) to base 7
36
Convert 5 (base 8) to base 5.
10
Convert 10111100 (base 2) to base 14.
d6
What is -1 (base 7) in base 15?
-1
Convert 34 (base 12) to base 11.
37
Convert 0 (base 6) to base 4.
0
Convert 1000 (base 2) to base 13.
8
Convert -2 (base 12) to base 4.
-2
Convert 24 (base 10) to base 2.
11000
What is -5 (base 10) in base 7?
-5
What is 56 (base 14) in base 13?
5b
What is -3 (base 10) in base 8?
-3
Convert 85 (base 11) to base 5.
333
Convert 2 (base 15) to base 5.
2
Convert 20 (base 11) to base 8.
26
2 (base 5) to base 10
2
154 (base 15) to base 5
2204
Convert -1 (base 4) to base 12.
-1
What is -206 (base 8) in base 6?
-342
Convert -15d (base 14) to base 16.
-117
Convert -33 (base 13) to base 14.
-30
6 (base 9) to base 16
6
Convert 15 (base 11) to base 12.
14
-21 (base 16) to base 2
-100001
What is 201 (base 3) in base 15?
14
-1121 (base 3) to base 14
-31
2 (base 12) to base 4
2
What is 14 (base 11) in base 2?
1111
What is 82 (base 11) in base 9?
110
-1010 (base 2) to base 4
-22
What is -1 (base 7) in base 9?
-1
Convert -3 (base 10) to base 14.
-3
10221 (base 3) to base 13
82
What is -100 (base 2) in base 5?
-4
Convert -10101 (base 2) to base 9.
-23
12 (base 4) to base 12
6
30 (base 8) to base 13
1b
What is -1 (base 8) in base 7?
-1
What is -36 (base 10) in base 5?
-121
What is -1 (base 14) in base 9?
-1
What is 9 (base 14) in base 2?
1001
2 (base 12) to base 6
2
4 (base 7) to base 10
4
What is -12 (base 7) in base 16?
-9
Convert -2 (base 5) to base 3.
-2
What is -21 (base 4) in base 9?
-10
-10 (base 11) to base 13
-b
What is 0 (base 11) in base 15?
0
What is 1110001 (base 2) in base 12?
95
Convert -6 (base 14) to base 6.
-10
What is 11 (base 15) in base 2?
10000
What is 1 (base 4) in base 7?
1
Convert -185 (base 15) to base 14.
-1b0
-11 (base 4) to base 10
-5
-3 (base 13) to base 3
-10
Convert 122 (base 12) to base 15.
b5
What is -106 (base 7) in base 2?
-110111
Convert 0 (base 10) to base 11.
0
58 (base 14) to base 11
71
Convert 521 (base 6) to base 8.
301
Convert 3 (base 10) to base 2.
11
-2 (base 9) to base 8
-2
-10 (base 8) to base 7
-11
Convert -113 (base 4) to base 3.
-212
-2 (base 13) to base 7
-2
Convert 15 (base 9) to base 15.
e
-4 (base 6) to base 4
-10
Convert 7 (base 15) to base 2.
111
-5 (base 16) to base 14
-5
-22 (base 10) to base 11
-20
20 (base 8) to base 15
11
Convert -11 (base 2) to base 6.
-3
What is 2 (base 4) in base 12?
2
What is 0 (base 8) in base 10?
0
5 (base 9) to base 11
5
Convert -20 (base 9) to base 3.
-200
Convert a (base 16) to base 7.
13
Convert -9 (base 16) to base 3.
-100
11201 (base 3) to base 7
241
What is -3 (base 16) in base 2?
-11
Convert 2 (base 5) to base 6.
2
What is 21 (base 12) in base 6?
41
Convert 2 (base 9) to base 5.
2
What is -110111 (base 2) in base 15?
-3a
What is -11 (base 3) in base 6?
-4
What is 1 (base 12) in base 8?
1
Convert a (base 16) to base 15.
a
What is -30 (base 15) in base 8?
-55
-9 (base 16) to base 7
-12
-25 (base 7) to base 2
-10011
-10 (base 8) to base 6
-12
e (base 15) to base 6
22
120 (base 6) to base 3
1210
Convert 1001 (base 2) to base 5.
14
Convert -32 (base 16) to base 14.
-38
-35 (base 15) to base 13
-3b
What is -6 (base 11) in base 10?
-6
What is -11 (base 3) in base 14?
-4
0 (base 13) to base 16
0
-107 (base 9) to base 12
-74
What is 131 (base 7) in base 14?
51
4 (base 7) to base 16
4
Convert -106 (base 8) to base 2.
-1000110
Convert -1 (base 9) to base 15.
-1
Convert 270 (base 8) to base 2.
10111000
What is -10010 (base 3) in base 11?
-77
Convert 67 (base 10) to base 11.
61
What is 3 (base 15) in base 14?
3
Convert -1eb (base 15) to base 8.
-676
Convert 36 (base 9) to base 14.
25
Convert -2 (base 10) to base 5.
-2
-1 (base 15) to base 12
-1
What is 11 (base 11) in base 10?
12
Convert -4 (base 14) to base 8.
-4
What is 0 (base 7) in base 11?
0
Convert -56 (base 8) to base 5.
-141
Convert -3 (base 11) to base 7.
-3
Convert -3 (base 9) to base 7.
-3
49 (base 10) to base 6
121
What is -12 (base 4) in base 11?
-6
What is 8 (base 10) in base 11?
8
-60 (base 7) to base 6
-110
What is -5 (base 14) in base 9?
-5
What is 17 (base 10) in base 8?
21
What is 100 (base 2) in base 10?
4
Convert -441 (base 5) to base 4.
-1321
1102 (base 3) to base 12
32
-9 (base 12) to base 9
-10
Convert 303 (base 7) to base 16.
96
Convert 13 (base 4) to base 11.
7
What is 3 (base 9) in base 3?
10
-24 (base 8) to base 4
-110
-33 (base 10) to base 8
-41
Convert c (base 16) to base 4.
30
What is -a (base 14) in base 3?
-101
2 (base 6) to base 5
2
Convert 11 (base 8) to base 16.
9
-200 (base 3) to base 16
-12
What is -18 (base 13) in base 4?
-111
What is 1010000 (base 2) in base 4?
1100
Convert 1 (base 9) to base 12.
1
11111110 (base 2) to base 7
512
What is -27 (base 16) in base 11?
-36
2 (base 7) to base 8
2
Convert 11101001 (base 2) to base 7.
452
What is -10 (base 7) in base 8?
-7
What is -12 (base 4) in base 5?
-11
Convert 0 (base 5) to base 2.
0
What is 0 (base 12) in base 7?
0
Convert -13 (base 11) to base 5.
-24
16 (base 9) to base 4
33
6 (base 8) to base 11
6
Convert -171 (base 12) to base 3.
-22111
What is -3 (base 5) in base 13?
-3
5 (base 16) to base 6
5
-10 (base 11) to base 4
-23
-9a (base 12) to base 7
-226
What is -104 (base 8) in base 7?
-125
Convert 542 (base 8) to base 7.
1014
What is 12 (base 15) in base 6?
25
What is -8d (base 14) in base 6?
-325
What is -d9 (base 14) in base 4?
-2333
What is -158 (base 12) in base 3?
-21212
Convert -32 (base 6) to base 2.
-10100
-3 (base 7) to base 14
-3
What is 12 (base 12) in base 16?
e
What is 1 (base 7) in base 15?
1
1 (base 6) to base 15
1
What is 3d (base 14) in base 4?
313
-13 (base 16) to base 10
-19
What is 3f (base 16) in base 2?
111111
0 (base 4) to base 2
0
Convert 0 (base 8) to base 16.
0
-2 (base 15) to base 2
-10
What is 24 (base 5) in base 15?
e
What is -6 (base 12) in base 6?
-10
Convert -2 (base 9) to base 5.
-2
Convert 5 (base 10) to base 9.
5
What is -1055 (base 6) in base 11?
-209
-10f (base 16) to base 8
-417
Convert 4 (base 14) to base 5.
4
What is 32 (base 15) in base 3?
1202
What is -202 (base 3) in base 8?
-24
What is -2 (base 9) in base 13?
-2
-2 (base 11) to base 6
-2
Convert -126 (base 8) to base 15.
-5b
-215 (base 8) to base 9
-166
-1 (base 4) to base 11
-1
-1 (base 5) to base 8
-1
37 (base 10) to base 14
29
What is -2 (base 9) in base 13?
-2
-2111 (base 3) to base 8
-103
Convert -2101 (base 3) to base 14.
-48
What is -2 (base 13) in base 7?
-2
Convert -a (base 13) to base 10.
-10
What is 7 (base 14) in ba